{"id":90,"date":"2024-08-04T14:16:08","date_gmt":"2024-08-04T18:16:08","guid":{"rendered":"https:\/\/suplementappbolivia.com\/?post_type=product&#038;p=90"},"modified":"2025-09-19T21:52:24","modified_gmt":"2025-09-20T01:52:24","slug":"amino-charge","status":"publish","type":"product","link":"https:\/\/suplementappbolivia.com\/?product=amino-charge","title":{"rendered":"AMINO CHARGE"},"content":{"rendered":"<h2>Amino Charge<\/h2>\n<ul>\n<li>CON PRECURSORES DEL OXIDO NITRICO<\/li>\n<li>CONTIENE TODOS LOS AMINO\u00c1CIDOS ESENCIALES<\/li>\n<li>CON 100 MG DE CAFE\u00cdNA<\/li>\n<li>SIN AZ\u00daCAR*<\/li>\n<li>SIN GLUTEN**<\/li>\n<\/ul>\n<h3>Instrucciones de uso<\/h3>\n<p>Mezcla una porci\u00f3n (19 g = 1 2\/3 cucharada) de polvo Amino Charge con 500 ml de agua. En los d\u00edas de entrenamiento, tome 1 raci\u00f3n antes \/ durante el entrenamiento, en los d\u00edas de descanso consuma 1 raci\u00f3n en cualquier momento.<\/p>\n","protected":false},"excerpt":{"rendered":"<p><span class=\"OYPEnA font-feature-liga-off font-feature-clig-off font-feature-calt-off text-decoration-none text-strikethrough-none\">Amino Charge 570g (30 servicios)<\/span><\/p>\n<p><span class=\"OYPEnA font-feature-liga-off font-feature-clig-off font-feature-calt-off text-decoration-none text-strikethrough-none\">Es una f\u00f3rmula completa de amino\u00e1cidos esenciales y amino\u00e1cidos de cadena ramificada. Tienen la finalidad de aumentar la energ\u00eda en el organismo. Contiene adem\u00e1s L-glutamina, L-arginina, cafe\u00edna 100mg y cero az\u00facar.<\/span><\/p>\n","protected":false},"featured_media":133,"comment_status":"open","ping_status":"closed","template":"","meta":[],"product_brand":[49],"product_cat":[18,39,42],"product_tag":[23],"class_list":{"0":"post-90","1":"product","2":"type-product","3":"status-publish","4":"has-post-thumbnail","6":"product_brand-scitec-nutrition","7":"product_cat-aminoacidos","8":"product_cat-pre-entrenos","9":"product_cat-recovery-energeticos","10":"product_tag-cafeina","11":"product_shipping_class-paquete-pequeno","13":"first","14":"outofstock","15":"taxable","16":"shipping-taxable","17":"purchasable","18":"product-type-simple"},"jetpack_sharing_enabled":true,"_links":{"self":[{"href":"https:\/\/suplementappbolivia.com\/index.php?rest_route=\/wp\/v2\/product\/90","targetHints":{"allow":["GET"]}}],"collection":[{"href":"https:\/\/suplementappbolivia.com\/index.php?rest_route=\/wp\/v2\/product"}],"about":[{"href":"https:\/\/suplementappbolivia.com\/index.php?rest_route=\/wp\/v2\/types\/product"}],"replies":[{"embeddable":true,"href":"https:\/\/suplementappbolivia.com\/index.php?rest_route=%2Fwp%2Fv2%2Fcomments&post=90"}],"wp:featuredmedia":[{"embeddable":true,"href":"https:\/\/suplementappbolivia.com\/index.php?rest_route=\/wp\/v2\/media\/133"}],"wp:attachment":[{"href":"https:\/\/suplementappbolivia.com\/index.php?rest_route=%2Fwp%2Fv2%2Fmedia&parent=90"}],"wp:term":[{"taxonomy":"product_brand","embeddable":true,"href":"https:\/\/suplementappbolivia.com\/index.php?rest_route=%2Fwp%2Fv2%2Fproduct_brand&post=90"},{"taxonomy":"product_cat","embeddable":true,"href":"https:\/\/suplementappbolivia.com\/index.php?rest_route=%2Fwp%2Fv2%2Fproduct_cat&post=90"},{"taxonomy":"product_tag","embeddable":true,"href":"https:\/\/suplementappbolivia.com\/index.php?rest_route=%2Fwp%2Fv2%2Fproduct_tag&post=90"}],"curies":[{"name":"wp","href":"https:\/\/api.w.org\/{rel}","templated":true}]}}